9*o**2 + 5*o + 503. Determine a(-99).
8
Let f(t) = -378*t - 13979. What is f(-37)?
7
Let b(y) = y**3 - 61*y**2 + 48*y + 496. Determine b(60).
-224
Let h(w) = w**3 + 7*w**2 - w + 296. Calculate h(-10).
6
Let c(q) = -21*q**3 - 19*q**2 + 2*q - 3. Give c(1).
-41
Let c(h) = -h**3 - 13*h**2 + 66*h + 4. Give c(4).
-4
Let s(p) = -2*p**2 + 59*p + 335. Calculate s(34).
29
Let b(w) = -w**3 + 8*w**2 - 6*w + 11. What is b(10)?
-249
Let m(i) = -12*i + 300. Calculate m(-28).
636
Let p(c) = c**3 - 2*c**2 - 206*c - 13. Calculate p(16).
275
Let k(m) = m**3 + 2*m**2 + 19*m + 68. What is k(-3)?
2
Let s(z) = -z**2 + 9*z + 112. Calculate s(-9).
-50
Let g(j) = -39*j - 3658. What is g(-93)?
-31
Let i(m) = m**3 - 17*m**2 - 46*m + 42. Give i(19).
-110
Let z(p) = 2*p**3 - 11*p**2 + 10*p - 29. Calculate z(5).
-4
Let i(a) = a**2 + 76*a - 201. What is i(-79)?
36
Let k(a) = -113*a**2 - 142*a + 1. What is k(-2)?
-167
Let q(c) = -c**2 - 31*c - 223. What is q(-11)?
-3
Let p(w) = 3087*w + 92620. What is p(-30)?
10
Let x(w) = w**3 + 31*w**2 + 34*w - 42. What is x(-30)?
-162
Let q(i) = 47*i**3 - 2*i**2 + 7*i + 14. Give q(-2).
-384
Let d(z) = 70*z - 209. Give d(-7).
-699
Let u(l) = -2*l**2 - 158*l - 2965. Give u(-48).
11
Let t(j) = 7*j**3 + 26*j**2 + 21*j + 111. Determine t(-4).
-5
Let d(k) = -227*k - 63794. Give d(-281).
-7
Let w(n) = n**3 - 60*n**2 + 114*n + 97. What is w(58)?
-19
Let d(w) = 108*w + 3572. What is d(-32)?
116
Let w(y) = -91*y - 450. What is w(-5)?
5
Let w(l) = -l**3 - 53*l**2 + 106*l - 220. Determine w(-55).
0
Let a(s) = 128*s + 5122. Calculate a(-40).
2
Let n(w) = -w**3 - w**2 + 17*w + 33. Calculate n(-5).
48
Let b(y) = 29*y + 206. What is b(12)?
554
Let f(w) = w**2 + 58*w + 279. What is f(-53)?
14
Let y(w) = 2*w**3 + w**2 - 172*w + 13. Calculate y(9).
4
Let j(u) = 163*u + 5221. Give j(-32).
5
Let q(z) = -46*z - 251. Determine q(-4).
-67
Let g(i) = -349*i - 14299. Give g(-41).
10
Let a(x) = 2*x**3 + 230*x**2 - 467*x + 2. Give a(2).
4
Let x(f) = 127*f - 793. Determine x(6).
-31
Let t(f) = -f**2 - 187*f - 1451. Determine t(-8).
-19
Let i(s) = -9*s**2 + 3*s - 16. Calculate i(4).
-148
Let n(m) = 21*m + 233. Give n(11).
464
Let p(l) = -l**2 - 67*l - 1131. Determine p(-34).
-9
Let p(z) = 17*z + 562. Calculate p(0).
562
Let p(m) = 2*m**2 + 101*m + 1098. What is p(-16)?
-6
Let a(w) = 5*w**2 + 619*w + 5582. Calculate a(-114).
-4
Let x(m) = 54*m + 596. Determine x(-12).
-52
Let o(h) = h**3 - 124*h**2 + 125*h - 245. Calculate o(123).
1
Let o(a) = a**2 + 34*a + 90. Calculate o(-23).
-163
Let m(w) = w**2 - 27*w + 290. Calculate m(10).
120
Let q(n) = 725*n + 712. Determine q(-1).
-13
Let w(r) = -296*r - 3022. What is w(-10)?
-62
Let l(c) = 2*c**3 - 44*c**2 - 35*c - 250. What is l(23)?
3
Let w(r) = -r**3 - 39*r**2 + 168*r - 125. Calculate w(-43).
47
Let f(h) = h**2 + 576*h + 1720. What is f(-3)?
1
Let w(a) = 6*a - 2. Calculate w(3).
16
Let t(j) = 29*j - 472. Give t(18).
50
Let t(f) = f**3 + 15*f**2 + 11*f - 181. Calculate t(-13).
14
Let i(a) = -a**3 + 3*a**2 - 2*a + 33. Give i(4).
9
Let q(m) = -2*m - 100. Determine q(-52).
4
Let w(d) = -182*d - 20. What is w(1)?
-202
Let n(k) = 2*k**3 + 8*k**2 - 5*k + 3. Give n(-6).
-111
Let j(i) = 3*i**2 + 80*i + 294. Give j(-8).
-154
Let h(q) = -6*q**2 + q + 21. What is h(6)?
-189
Let r(s) = -s**2 + 87*s - 641. Give r(8).
-9
Let h(l) = 2*l**3 + l**2 + 23*l + 55. What is h(-2)?
-3
Let q(j) = -3*j**2 + 58*j + 955. What is q(-13)?
-306
Let q(y) = -y**3 - 19*y**2 - 23*y - 98. What is q(-18)?
-8
Let m(l) = 37*l - 4671. Calculate m(127).
28
Let m(c) = c**3 - 3*c**2 - 32*c + 27. Determine m(7).
-1
Let b(o) = o**3 - 26*o**2 + 134*o + 39. What is b(8)?
-41
Let s(u) = -16*u + 75. Give s(7).
-37
Let u(q) = q**3 + 5*q**2 + 177*q + 7. Determine u(0).
7
Let k(r) = 352*r + 3884. Determine k(-11).
12
Let c(l) = -l**3 + 4*l**2 + 81*l - 442. Calculate c(6).
-28
Let n(s) = -s**3 - 6*s**2 + 5*s - 15. What is n(-5)?
-65
Let f(l) = -l**2 + 218*l + 1820. Give f(-8).
12
Let l(q) = q**3 + 22*q**2 + 87*q + 36. Give l(-17).
2
Let n(r) = r**3 - 10*r**2 - 4*r + 85. What is n(7)?
-90
Let r(b) = -173*b - 179. Give r(-1).
-6
Let g(x) = -6*x**3 - 7*x**2 - 13*x + 14. Give g(1).
-12
Let v(t) = -t**3 + 54*t**2 - 3*t - 111. Give v(54).
-273
Let a(j) = -9*j - 112. What is a(0)?
-112
Let j(c) = -2*c**3 + 77*c**2 - 43*c + 195. Calculate j(38).
5
Let z(n) = 2*n**3 - 100*n**2 + 446*n + 197. What is z(45)?
17
Let r(c) = -c**3 + 2*c**2 + 8*c + 9. Give r(5).
-26
Let f(h) = 4*h**3 - 8*h**2 - 4*h - 2. Determine f(-3).
-170
Let o(n) = 10*n**2 - 75*n + 148. Determine o(2).
38
Let u(p) = 21*p - 603. Calculate u(29).
6
Let u(h) = 2497*h + 12489. Calculate u(-5).
4
Let q(t) = -231*t - 695. Calculate q(-3).
-2
Let o(v) = v**3 - 67*v**2 + 239*v + 820. Calculate o(63).
1
Let o(i) = -i**3 - 16*i**2 + 11*i + 26. Calculate o(-17).
128
Let a(q) = -1665*q + 24969. Determine a(15).
-6
Let f(m) = -351*m - 2457. Calculate f(-7).
0
Let c(t) = 3*t**3 - 9*t**2 + 11*t + 14. Give c(3).
47
Let w(t) = -4*t**2 - 11*t + 14. Give w(-7).
-105
Let g(y) = 3*y**3 + 23*y**2 + 21*y + 28. Give g(-7).
-21
Let j(n) = -2*n**2 - 25*n - 47. Give j(-11).
-14
Let y(n) = 5*n**2 + 86*n - 44. Determine y(-18).
28
Let m(w) = 10*w**3 + 500*w**2 + 3*w + 87. What is m(-50)?
-63
Let d(h) = -18*h + 69. Determine d(5).
-21
Let a(v) = -11*v**2 + 12*v + 7. Determine a(2).
-13
Let j(d) = d**3 + d**2 + 14*d + 47. Give j(-4).
-57
Let z(d) = 237*d - 49538. Give z(209).
-5
Let a(n) = -5*n**2 - 20*n - 2. Give a(-2).
18
Let p(y) = -249*y + 1483. Determine p(4).
487
Let t(g) = 226*g - 445. What is t(2)?
7
Let d(i) = i**2 + 16*i - 60. Give d(9).
165
Let g(c) = c**2 - 5*c + 13. Determine g(13).
117
Let p(y) = -2*y**2 + 336*y + 707. Calculate p(170).
27
Let h(j) = -j**3 + 14*j**2 + 20*j + 31. Give h(15).
106
Let c(s) = -18*s**2 + 126*s - 133. Give c(5).
47
Let d(c) = -c**3 + 14*c**2 + 30*c + 69. What is d(16)?
37
Let t(s) = -36*s - 1064. What is t(-24)?
-200
Let f(b) = 13*b + 72. Give f(7).
163
Let q(j) = -j**3 - 102*j**2 - 389*j + 250. Calculate q(-98).
-44
Let k(w) = w**3 + 5*w**2 + 97*w + 366. Calculate k(-4).
-6
Let u(k) = k**2 + 177*k - 2872. Give u(15).
8
Let z(t) = t**3 + 18*t**2 + 12*t - 38. Determine z(-17).
47
Let i(k) = 2*k**3 + 52*k**2 - 15*k - 392. Determine i(-26).
-2
Let x(a) = 2*a**3 - 35*a**2 - 12*a - 79. What is x(18)?
29
Let q(x) = -12*x**2 + 117*x - 7. Calculate q(11).
-172
Let c(t) = 2*t**2 - 222*t - 1586. Give c(-7).
66
Let z(i) = i**2 - 34*i + 6. Calculate z(33).
-27
Let a(v) = v**3 - 14*v**2 - 6*v - 16. What is a(15)?
119
Let i(t) = -4*t**3 + 279*t**2 - 201*t - 408. Calculate i(69).
6
Let u(j) = 123*j - 1030. Calculate u(7).
-169
Let n(a) = 817*a + 2458. Determine n(-3).
7
Let x(k) = -2*k**3 + 116*k**2 + 15*k - 862. Determine x(58).
8
Let z(d) = -2*d**3 - 9*d**2 + 12*d - 3. Determine z(-6).
33
Let t(g) = 26*g + 318. Determine t(-12).
6
Let b(h) = 974*h - 10690. Give b(11).
24
Let u(o) = -o**3 - 6*o**2 - 82*o - 1057. Give u(-10).
163
Let l(s) = 22*s + 2343. What is l(-105)?
33
Let q(a) = 278*a**2 - 39*a + 41. Calculate q(1).
280
Let s(m) = -m**3 - 7*m**2 - 6*m - 21. Determine s(-8).
91
Let n(j) = -5*j**2 + 293*j + 6889. Determine n(-18).
-5
Let b(k) = 4*k**3 - 2*k**2 + 5. Calculate b(-2).
-35
Let r(d) = 2748*d - 27472. Give r(10).
8
Let h(k) = 4*k**2 - 1033*k - 2071. What is h(-2)?
11
Let t(x) = -68*x - 1433. Give t(-21).
-5
Let o(q) = -71*q + 2388. What is o(39)?
-381
Let j(i) = -5*i**2 - 1292*i + 1293. Calculate j(1).
-4
Let q(i) = 41*i**3 - i**2 - 3*i - 6. Determine q(-2).
-332
Let s(r) = -9*r + 260. Calculate s(44).
-136
Let z(d) = -23*d + 186. What is z(4)?
94
Let t(q) = 2*q**2 - 190*q + 1555. Give t(9).
7
Let i(n) = 3*n**2 + 35*n - 42. Calculate i(-13).
10
Let i(u) = -24*u + 41. Determine i(6).
-103
Let c(y) = 16*y**2 + 17*y + 60. What is c(-5)?
375
Let p(k) = 12*k**2 - 295*k + 1698. What is p(9)?
15
Let i(q) = -q**3 + 45*q**2 + 38*q + 432. Give i(46).
64
Let g(j) = -j**2 + 61*j + 1620. What is g(81)?
0
Let n(y) = -4*y**2 + 132*y + 91. Calculate n(32).
219
Let x(z) = z**3 + 21*z**2 - 18*z - 41. Calculate x(-22).
-129
Let u(a) = 715*a - 1436. Give u(2).
-6
Let a(t) = -t**3 + 45*t**2 + 45*t + 38. What is a(46)?
-8
Let q(d) = 145*d + 2608. What is q(-18)?
-2
Let h(t) = -t**3 - 2*t**2 + 7*t + 16. Give h(-6).
118
Let v(l